{"id":1659,"date":"2026-02-22T19:14:03","date_gmt":"2026-02-22T18:14:03","guid":{"rendered":"https:\/\/mhapps.majo2000.bplaced.net\/?page_id=1659"},"modified":"2026-02-22T19:14:12","modified_gmt":"2026-02-22T18:14:12","slug":"pythonguigenerator","status":"publish","type":"page","link":"https:\/\/mhapps.majo2000.bplaced.net\/?page_id=1659","title":{"rendered":"PythonGuiGenerator"},"content":{"rendered":"\n  \n    <section class=\"u-clearfix u-section-1\" id=\"sec-248f\">\n      <div class=\"u-clearfix u-sheet u-sheet-1\">\n        <div class=\"u-align-left u-border-5 u-border-palette-2-base u-container-align-left u-container-style u-group u-radius u-shape-round u-white u-group-1\" data-animation-name=\"customAnimationIn\" data-animation-duration=\"1500\" data-animation-delay=\"500\" data-animation-direction=\"\">\n          <div class=\"u-container-layout u-container-layout-1\">\n            <h2 class=\"u-align-center u-text u-text-default u-text-1\" data-animation-name=\"customAnimationIn\" data-animation-duration=\"1500\" data-animation-delay=\"0\">Python Gui Generator <\/h2>\n            <p class=\"u-align-center u-large-text u-text u-text-variant u-text-2\">Erstelle einfach per Drag-and-drop ein Benutzermen\u00fc in Python! Hierf\u00fcr sind keine Programmierkenntnisse erforderlich. Der Code kann einfach per Download-Button gespeichert werden!<\/p>\n            <a href=\"https:\/\/majo2000.bplaced.net\/python\/tkinterguigeneratorV01_alpha.exe\" class=\"u-align-center u-border-2 u-border-active-grey-50 u-border-hover-grey-50 u-border-palette-2-base u-btn u-btn-round u-button-style u-custom-font u-font-montserrat u-none u-radius-50 u-text-body-color u-btn-1\" data-animation-name=\"\" data-animation-duration=\"0\" data-animation-delay=\"0\" data-animation-direction=\"\" target=\"_blank\">Gratis Download V 0.1 f\u00fcr Windows (26 MB)<br>\n            <\/a>\n            <a href=\"https:\/\/majo2000.bplaced.net\/python\/tkinterguigenerator02.exe\" class=\"u-align-center u-border-none u-btn u-btn-round u-button-style u-hover-palette-1-light-1 u-palette-3-dark-1 u-radius u-btn-2\" target=\"_blank\"> Gratis Download V 0.2 [Caseware IDEA-Version] f\u00fcr Windows (13 MB)<\/a>\n          <\/div>\n        <\/div>\n      <\/div>\n    <\/section>\n    <section class=\"u-clearfix u-grey-5 u-section-2\" id=\"carousel_0ca8\">\n      <div class=\"u-clearfix u-sheet u-sheet-1\">\n        <img decoding=\"async\" class=\"u-file-link u-image u-image-round u-radius u-image-1\" src=\"https:\/\/mhapps.majo2000.bplaced.net\/wp-content\/uploads\/2026\/02\/Screenshot2024-11-02160948-28.png\" alt=\"\" data-image-width=\"803\" data-image-height=\"839\" data-href=\"https:\/\/mhapps.majo2000.bplaced.net\/wp-content\/uploads\/2026\/02\/Screenshot2024-11-02160948.png\" data-target=\"_blank\">\n      <\/div>\n    <\/section>\n    <section class=\"u-clearfix u-section-3\" id=\"carousel_818b\">\n      <div class=\"u-clearfix u-sheet u-sheet-1\">\n        <p class=\"u-align-center u-text u-text-1\">Animation der Features des&nbsp;<br>Python Gui Generators\n        <\/p>\n        <img decoding=\"async\" class=\"u-image u-image-default u-image-1\" src=\"https:\/\/mhapps.majo2000.bplaced.net\/wp-content\/uploads\/2026\/02\/animation.gif\" alt=\"\" data-image-width=\"803\" data-image-height=\"839\">\n      <\/div>\n    <\/section>\n    <section class=\"u-align-center u-clearfix u-container-align-center u-section-4\" id=\"sec-6dfe\">\n      <div class=\"u-clearfix u-sheet u-sheet-1\">\n        <h5 class=\"u-align-center u-text u-text-default u-text-1\">Changelog<\/h5>\n        <h2 class=\"u-align-center u-text u-text-default u-text-2\">Neuerungen<\/h2>\n        <p class=\"u-align-left u-text u-text-3\"><span style=\"font-weight: 700;\">V 0.2:&nbsp;<\/span>\n          <br>- Version f\u00fcr Caseware IDEA Nutzung<br>- Dateimen\u00fc standardm\u00e4\u00dfig integriert<br>- Berechtigung Webbrowser: Freigabe f\u00fcr die Nutzung der Internetlinks in der GUI<br>\n        <\/p>\n      <\/div>\n    <\/section>\n    \n    \n    \n    \n  \n","protected":false},"excerpt":{"rendered":"<p>Python Gui Generator Erstelle einfach per Drag-and-drop ein Benutzermen\u00fc in Python! Hierf\u00fcr sind keine Programmierkenntnisse erforderlich. Der Code kann einfach per Download-Button gespeichert werden! Gratis Download V 0.1 f\u00fcr Windows (26 MB) Gratis Download V 0.2 [Caseware IDEA-Version] f\u00fcr Windows (13 MB) Animation der Features des&nbsp;Python Gui Generators Changelog Neuerungen V 0.2:&nbsp; &#8211; Version f\u00fcr &hellip; <a href=\"https:\/\/mhapps.majo2000.bplaced.net\/?page_id=1659\" class=\"more-link\">Continue reading<span class=\"screen-reader-text\"> &#8220;PythonGuiGenerator&#8221;<\/span><\/a><\/p>\n","protected":false},"author":1,"featured_media":0,"parent":0,"menu_order":2,"comment_status":"closed","ping_status":"closed","template":"","meta":{"footnotes":""},"class_list":["post-1659","page","type-page","status-publish","hentry"],"_links":{"self":[{"href":"https:\/\/mhapps.majo2000.bplaced.net\/index.php?rest_route=\/wp\/v2\/pages\/1659","targetHints":{"allow":["GET"]}}],"collection":[{"href":"https:\/\/mhapps.majo2000.bplaced.net\/index.php?rest_route=\/wp\/v2\/pages"}],"about":[{"href":"https:\/\/mhapps.majo2000.bplaced.net\/index.php?rest_route=\/wp\/v2\/types\/page"}],"author":[{"embeddable":true,"href":"https:\/\/mhapps.majo2000.bplaced.net\/index.php?rest_route=\/wp\/v2\/users\/1"}],"replies":[{"embeddable":true,"href":"https:\/\/mhapps.majo2000.bplaced.net\/index.php?rest_route=%2Fwp%2Fv2%2Fcomments&post=1659"}],"version-history":[{"count":1,"href":"https:\/\/mhapps.majo2000.bplaced.net\/index.php?rest_route=\/wp\/v2\/pages\/1659\/revisions"}],"predecessor-version":[{"id":1682,"href":"https:\/\/mhapps.majo2000.bplaced.net\/index.php?rest_route=\/wp\/v2\/pages\/1659\/revisions\/1682"}],"wp:attachment":[{"href":"https:\/\/mhapps.majo2000.bplaced.net\/index.php?rest_route=%2Fwp%2Fv2%2Fmedia&parent=1659"}],"curies":[{"name":"wp","href":"https:\/\/api.w.org\/{rel}","templated":true}]}}